{"id":1341,"date":"2026-03-11T18:27:35","date_gmt":"2026-03-11T17:27:35","guid":{"rendered":"https:\/\/www.maziaki.dxc.pl\/?post_type=product&#038;p=1341"},"modified":"2026-04-16T13:57:57","modified_gmt":"2026-04-16T12:57:57","slug":"vichy-homme-zestaw-balsam-po-goleniu-krem-do-twarzy","status":"publish","type":"product","link":"https:\/\/www.maziaki.dxc.pl\/?product=vichy-homme-zestaw-balsam-po-goleniu-krem-do-twarzy","title":{"rendered":"Vichy Homme Zestaw: Balsam po goleniu + krem do twarzy\u00a0"},"content":{"rendered":"<h2>Vichy Homme Zestaw: Balsam po goleniu + krem do twarzy<\/h2>\n<p dir=\"ltr\">Szukasz prezentu, kt\u00f3ry b\u0119dzie jednocze\u015bnie praktyczny, elegancki i dopasowany do m\u0119skich potrzeb? Si\u0119gnij po ekskluzywny zestaw Vichy Homme \u2013 kompleksow\u0105 piel\u0119gnacj\u0119 dla m\u0119\u017cczyzn, opart\u0105 na zaawansowanych badaniach Laboratori\u00f3w Vichy. To idealny wyb\u00f3r dla pan\u00f3w, kt\u00f3rzy ceni\u0105 skuteczno\u015b\u0107, nowoczesne formu\u0142y i codzienny komfort.<\/p>\n<h3>W zestawie znajduj\u0105 si\u0119 trzy produkty:<\/h3>\n<ul>\n<li>\n<p dir=\"ltr\" role=\"presentation\"><strong>Vichy Homme Sensi Baume Mineral Ca, 75 ml<\/strong>\u00a0&#8211; wzmacniaj\u0105co-koj\u0105cy balsam po goleniu stworzony z my\u015bl\u0105 o sk\u00f3rze wyj\u0105tkowo wra\u017cliwej i sk\u0142onnej do podra\u017cnie\u0144. Dzia\u0142a natychmiastowo, \u0142agodzi uczucie pieczenia i zaczerwienienie, a przy regularnym stosowaniu wzmacnia barier\u0119 ochronn\u0105 sk\u00f3ry.<\/p>\n<\/li>\n<li>\n<p dir=\"ltr\" role=\"presentation\"><strong>Vichy Homme Structure Force, 50 ml\u00a0<\/strong>&#8211; przeciwzmarszczkowy krem do twarzy i okolic oczu, kt\u00f3ry intensywnie nawil\u017ca, uj\u0119drnia, wyg\u0142adza i przywraca sk\u00f3rze zdrowy, wypocz\u0119ty wygl\u0105d. Zapewnia 24-godzinne nawil\u017cenie i popraw\u0119 elastyczno\u015bci sk\u00f3ry.<\/p>\n<\/li>\n<\/ul>\n","protected":false},"excerpt":{"rendered":"<p>Vichy Homme Zestaw: Balsam po goleniu + krem do twarzy Szukasz prezentu, kt\u00f3ry b\u0119dzie jednocze\u015bnie praktyczny, elegancki i dopasowany do [&hellip;]<\/p>\n","protected":false},"featured_media":1343,"template":"","meta":{"site-sidebar-layout":"default","site-content-layout":"","ast-site-content-layout":"default","site-content-style":"default","site-sidebar-style":"default","ast-global-header-display":"","ast-banner-title-visibility":"","ast-main-header-display":"","ast-hfb-above-header-display":"","ast-hfb-below-header-display":"","ast-hfb-mobile-header-display":"","site-post-title":"","ast-breadcrumbs-content":"","ast-featured-img":"","footer-sml-layout":"","ast-disable-related-posts":"","theme-transparent-header-meta":"default","adv-header-id-meta":"","stick-header-meta":"","header-above-stick-meta":"","header-main-stick-meta":"","header-below-stick-meta":"","astra-migrate-meta-layouts":"set","ast-page-background-enabled":"default","ast-page-background-meta":{"desktop":{"background-color":"var(--ast-global-color-5)","background-image":"","background-repeat":"repeat","background-position":"center center","background-size":"auto","background-attachment":"scroll","background-type":"","background-media":"","overlay-type":"","overlay-color":"","overlay-opacity":"","overlay-gradient":""},"tablet":{"background-color":"","background-image":"","background-repeat":"repeat","background-position":"center center","background-size":"auto","background-attachment":"scroll","background-type":"","background-media":"","overlay-type":"","overlay-color":"","overlay-opacity":"","overlay-gradient":""},"mobile":{"background-color":"","background-image":"","background-repeat":"repeat","background-position":"center center","background-size":"auto","background-attachment":"scroll","background-type":"","background-media":"","overlay-type":"","overlay-color":"","overlay-opacity":"","overlay-gradient":""}},"ast-content-background-meta":{"desktop":{"background-color":"var(--ast-global-color-4)","background-image":"","background-repeat":"repeat","background-position":"center center","background-size":"auto","background-attachment":"scroll","background-type":"","background-media":"","overlay-type":"","overlay-color":"","overlay-opacity":"","overlay-gradient":""},"tablet":{"background-color":"var(--ast-global-color-4)","background-image":"","background-repeat":"repeat","background-position":"center center","background-size":"auto","background-attachment":"scroll","background-type":"","background-media":"","overlay-type":"","overlay-color":"","overlay-opacity":"","overlay-gradient":""},"mobile":{"background-color":"var(--ast-global-color-4)","background-image":"","background-repeat":"repeat","background-position":"center center","background-size":"auto","background-attachment":"scroll","background-type":"","background-media":"","overlay-type":"","overlay-color":"","overlay-opacity":"","overlay-gradient":""}}},"product_brand":[117],"product_cat":[26,88],"product_tag":[],"class_list":{"0":"post-1341","1":"product","2":"type-product","3":"status-publish","4":"has-post-thumbnail","6":"product_brand-vichy","7":"product_cat-kremy","8":"product_cat-po-opalaniu","9":"desktop-align-left","10":"tablet-align-left","11":"mobile-align-left","13":"first","14":"instock","15":"taxable","16":"shipping-taxable","17":"purchasable","18":"product-type-simple"},"_links":{"self":[{"href":"https:\/\/www.maziaki.dxc.pl\/index.php?rest_route=\/wp\/v2\/product\/1341","targetHints":{"allow":["GET"]}}],"collection":[{"href":"https:\/\/www.maziaki.dxc.pl\/index.php?rest_route=\/wp\/v2\/product"}],"about":[{"href":"https:\/\/www.maziaki.dxc.pl\/index.php?rest_route=\/wp\/v2\/types\/product"}],"wp:featuredmedia":[{"embeddable":true,"href":"https:\/\/www.maziaki.dxc.pl\/index.php?rest_route=\/wp\/v2\/media\/1343"}],"wp:attachment":[{"href":"https:\/\/www.maziaki.dxc.pl\/index.php?rest_route=%2Fwp%2Fv2%2Fmedia&parent=1341"}],"wp:term":[{"taxonomy":"product_brand","embeddable":true,"href":"https:\/\/www.maziaki.dxc.pl\/index.php?rest_route=%2Fwp%2Fv2%2Fproduct_brand&post=1341"},{"taxonomy":"product_cat","embeddable":true,"href":"https:\/\/www.maziaki.dxc.pl\/index.php?rest_route=%2Fwp%2Fv2%2Fproduct_cat&post=1341"},{"taxonomy":"product_tag","embeddable":true,"href":"https:\/\/www.maziaki.dxc.pl\/index.php?rest_route=%2Fwp%2Fv2%2Fproduct_tag&post=1341"}],"curies":[{"name":"wp","href":"https:\/\/api.w.org\/{rel}","templated":true}]}}