{"id":1297,"date":"2026-03-11T17:48:21","date_gmt":"2026-03-11T16:48:21","guid":{"rendered":"https:\/\/www.maziaki.dxc.pl\/?post_type=product&#038;p=1297"},"modified":"2026-04-22T07:52:31","modified_gmt":"2026-04-22T06:52:31","slug":"la-roche-posay-cicaplast-b5-gel-lavant-200-ml","status":"publish","type":"product","link":"https:\/\/www.maziaki.dxc.pl\/?product=la-roche-posay-cicaplast-b5-gel-lavant-200-ml","title":{"rendered":"La Roche-Posay Cicaplast B5+ Gel Lavant 200 ml"},"content":{"rendered":"<p>La Roche-Posay Cicaplast B5+ Gel Lavant to delikatny \u017cel myj\u0105cy, stworzony z my\u015bl\u0105 o podra\u017cnionej i wra\u017cliwej sk\u00f3rze twarzy, cia\u0142a, sk\u00f3ry g\u0142owy i okolic intymnych. Jego formu\u0142a jest odpowiednia dla ca\u0142ej rodziny: niemowl\u0105t, dzieci oraz doros\u0142ych. \u017bel jest idealny do stosowania po zabiegach dermatologicznych, medycyny estetycznej, a tak\u017ce w piel\u0119gnacji \u015bwie\u017cych tatua\u017cy.<\/p>\n<h2>Innowacja i Skuteczno\u015b\u0107<\/h2>\n<p>\u017bel oparty jest na zaawansowanej technologii mikrobiomu sk\u00f3ry. Dzi\u0119ki kompleksowi Biomadefense\u2122, zawieraj\u0105cemu sk\u0142adniki antybakteryjne (mied\u017a-cynk-mangan) oraz 8% sacharozy, \u017cel skutecznie wspiera regeneracj\u0119 sk\u00f3ry, jednocze\u015bnie ograniczaj\u0105c rozw\u00f3j szkodliwych bakterii. Dodatkowo, 5% pantenol (pro-witamina B5) znany ze swoich koj\u0105cych w\u0142a\u015bciwo\u015bci, natychmiastowo \u0142agodzi podra\u017cnienia i zmniejsza uczucie dyskomfortu.<\/p>\n<ul>\n<li><strong>Delikatnie oczyszcza<\/strong>, usuwaj\u0105c zanieczyszczenia bez naruszania bariery ochronnej sk\u00f3ry.<\/li>\n<li><strong>Natychmiastowo koi<\/strong>, redukuj\u0105c podra\u017cnienia i uczucie pieczenia.<\/li>\n<li><strong>D\u0142ugotrwale chroni<\/strong>\u00a0barier\u0119 sk\u00f3rn\u0105, tworz\u0105c film ochronny, kt\u00f3ry intensywnie nawil\u017ca i wspiera proces regeneracji nask\u00f3rka.<\/li>\n<\/ul>\n","protected":false},"excerpt":{"rendered":"<p>La Roche-Posay Cicaplast B5+ Gel Lavant to delikatny \u017cel myj\u0105cy, stworzony z my\u015bl\u0105 o podra\u017cnionej i wra\u017cliwej sk\u00f3rze twarzy, cia\u0142a, [&hellip;]<\/p>\n","protected":false},"featured_media":1298,"template":"","meta":{"site-sidebar-layout":"default","site-content-layout":"","ast-site-content-layout":"default","site-content-style":"default","site-sidebar-style":"default","ast-global-header-display":"","ast-banner-title-visibility":"","ast-main-header-display":"","ast-hfb-above-header-display":"","ast-hfb-below-header-display":"","ast-hfb-mobile-header-display":"","site-post-title":"","ast-breadcrumbs-content":"","ast-featured-img":"","footer-sml-layout":"","ast-disable-related-posts":"","theme-transparent-header-meta":"default","adv-header-id-meta":"","stick-header-meta":"","header-above-stick-meta":"","header-main-stick-meta":"","header-below-stick-meta":"","astra-migrate-meta-layouts":"set","ast-page-background-enabled":"default","ast-page-background-meta":{"desktop":{"background-color":"var(--ast-global-color-5)","background-image":"","background-repeat":"repeat","background-position":"center center","background-size":"auto","background-attachment":"scroll","background-type":"","background-media":"","overlay-type":"","overlay-color":"","overlay-opacity":"","overlay-gradient":""},"tablet":{"background-color":"","background-image":"","background-repeat":"repeat","background-position":"center center","background-size":"auto","background-attachment":"scroll","background-type":"","background-media":"","overlay-type":"","overlay-color":"","overlay-opacity":"","overlay-gradient":""},"mobile":{"background-color":"","background-image":"","background-repeat":"repeat","background-position":"center center","background-size":"auto","background-attachment":"scroll","background-type":"","background-media":"","overlay-type":"","overlay-color":"","overlay-opacity":"","overlay-gradient":""}},"ast-content-background-meta":{"desktop":{"background-color":"var(--ast-global-color-4)","background-image":"","background-repeat":"repeat","background-position":"center center","background-size":"auto","background-attachment":"scroll","background-type":"","background-media":"","overlay-type":"","overlay-color":"","overlay-opacity":"","overlay-gradient":""},"tablet":{"background-color":"var(--ast-global-color-4)","background-image":"","background-repeat":"repeat","background-position":"center center","background-size":"auto","background-attachment":"scroll","background-type":"","background-media":"","overlay-type":"","overlay-color":"","overlay-opacity":"","overlay-gradient":""},"mobile":{"background-color":"var(--ast-global-color-4)","background-image":"","background-repeat":"repeat","background-position":"center center","background-size":"auto","background-attachment":"scroll","background-type":"","background-media":"","overlay-type":"","overlay-color":"","overlay-opacity":"","overlay-gradient":""}}},"product_brand":[135],"product_cat":[148],"product_tag":[],"class_list":{"0":"post-1297","1":"product","2":"type-product","3":"status-publish","4":"has-post-thumbnail","6":"product_brand-la-roche-posay","7":"product_cat-zel-do-mycia-ciala","8":"desktop-align-left","9":"tablet-align-left","10":"mobile-align-left","12":"first","13":"instock","14":"taxable","15":"shipping-taxable","16":"purchasable","17":"product-type-simple"},"_links":{"self":[{"href":"https:\/\/www.maziaki.dxc.pl\/index.php?rest_route=\/wp\/v2\/product\/1297","targetHints":{"allow":["GET"]}}],"collection":[{"href":"https:\/\/www.maziaki.dxc.pl\/index.php?rest_route=\/wp\/v2\/product"}],"about":[{"href":"https:\/\/www.maziaki.dxc.pl\/index.php?rest_route=\/wp\/v2\/types\/product"}],"wp:featuredmedia":[{"embeddable":true,"href":"https:\/\/www.maziaki.dxc.pl\/index.php?rest_route=\/wp\/v2\/media\/1298"}],"wp:attachment":[{"href":"https:\/\/www.maziaki.dxc.pl\/index.php?rest_route=%2Fwp%2Fv2%2Fmedia&parent=1297"}],"wp:term":[{"taxonomy":"product_brand","embeddable":true,"href":"https:\/\/www.maziaki.dxc.pl\/index.php?rest_route=%2Fwp%2Fv2%2Fproduct_brand&post=1297"},{"taxonomy":"product_cat","embeddable":true,"href":"https:\/\/www.maziaki.dxc.pl\/index.php?rest_route=%2Fwp%2Fv2%2Fproduct_cat&post=1297"},{"taxonomy":"product_tag","embeddable":true,"href":"https:\/\/www.maziaki.dxc.pl\/index.php?rest_route=%2Fwp%2Fv2%2Fproduct_tag&post=1297"}],"curies":[{"name":"wp","href":"https:\/\/api.w.org\/{rel}","templated":true}]}}